 - 9*d**2 - 696*d + 5652. Calculate s(8).
20
Let o(t) = t**2 + 77*t - 1454. Determine o(16).
34
Let x(p) = 2*p**2 - 1839*p + 88190. Calculate x(51).
-397
Let u(t) = -t**2 - 1828*t + 231693. Determine u(119).
0
Let a(y) = 19*y**3 + y**2 - 439*y + 2. Calculate a(0).
2
Let x(i) = -6303*i - 258414. Calculate x(-41).
9
Let f(h) = -7*h**3 + 2549*h**2 - 437*h + 26560. What is f(364)?
-12
Let l(f) = -2*f**2 - 291*f - 126. Calculate l(-141).
1143
Let a(q) = -8*q**3 + 1140*q**2 - 541*q - 3839. Calculate a(142).
-5
Let z(q) = 6449*q + 70960. Determine z(-11).
21
Let f(y) = -3*y**3 - 540*y**2 - 1084*y - 2776. What is f(-178)?
72
Let o(d) = -d**3 + 861*d**2 - 7631*d - 322. What is o(9)?
11
Let k(v) = 6*v**2 + 2545*v - 141710. What is k(-474)?
16
Let s(g) = -52*g**2 + 9655*g + 3046. Determine s(186).
-116
Let p(q) = 452186*q - 452177. Calculate p(1).
9
Let c(j) = -22*j**2 - 1770*j - 2508. Determine c(-79).
20
Let j(o) = 409*o + 42714. What is j(-106)?
-640
Let l(n) = -10*n**2 - 617*n + 3845. What is l(6)?
-217
Let i(q) = 2*q**2 - 363*q + 7014. Calculate i(22).
-4
Let h(y) = -4*y**3 - 19*y**2 - 8356*y - 50115. Determine h(-6).
201
Let w(q) = -1016*q + 8244. Determine w(8).
116
Let k(c) = -2*c**2 - 274*c + 53590. Calculate k(109).
-38
Let c(r) = 159726*r**2 - 4152877*r + 20. Give c(26).
-6
Let m(j) = j**3 + 134*j**2 + 540*j + 53876. Give m(-133).
-255
Let p(l) = 4673*l + 168250. What is p(-36)?
22
Let a(h) = -445*h**2 - 2225*h + 37. What is a(-5)?
37
Let y(n) = -10*n**3 + 3659*n**2 + 232*n + 49104. Give y(366).
60
Let b(c) = c**3 + 10*c**2 + 1602*c + 12700. Determine b(-8).
12
Let v(z) = 47597*z - 8043887. Give v(169).
6
Let z(i) = -15068*i - 46260. Give z(-3).
-1056
Let u(t) = t**3 - 18*t**2 + 84*t - 412. What is u(8)?
-380
Let z(g) = 4*g**2 + 16522*g - 82591. What is z(5)?
119
Let u(g) = 556*g + 10918. Calculate u(-20).
-202
Let w(o) = -62*o**2 + 1218*o - 2151. Give w(18).
-315
Let v(b) = -b**3 + 39*b**2 - 447*b + 14323. Give v(37).
522
Let q(z) = -103*z**2 + 1493*z + 692. Calculate q(15).
-88
Let z(k) = -8633*k - 129510. What is z(-15)?
-15
Let u(g) = g**2 - 458*g - 3256. What is u(-7)?
-1
Let l(g) = -1111*g - 7678. What is l(-7)?
99
Let y(z) = 1584*z - 16029. What is y(11)?
1395
Let h(q) = -q**3 - 6*q**2 + 435*q + 2619. What is h(-6)?
9
Let q(m) = 16*m**2 + 9165*m - 1723. Give q(-573).
-4
Let b(i) = 2*i**3 + 16*i**2 + 24*i + 3. Give b(-6).
3
Let g(z) = 1236*z**2 + 106299*z + 256. Calculate g(-86).
-2
Let u(z) = 52152*z - 521515. Determine u(10).
5
Let l(a) = -81*a**2 + 195*a + 196. What is l(-1)?
-80
Let d(l) = -19*l**2 - 498*l + 443. Calculate d(-27).
38
Let k(o) = -3*o**3 + 780*o**2 - 6062*o + 117. Determine k(8).
5
Let l(d) = -5*d**3 + 2111*d**2 - 2566*d + 16865. Give l(421).
25
Let j(q) = -q**3 + 21*q**2 + 11*q - 786. Calculate j(7).
-23
Let g(y) = -y**3 - 137*y**2 - 389*y - 16067. Calculate g(-135).
-2
Let u(d) = 37*d**2 + 1003*d - 898. What is u(-28)?
26
Let f(m) = -2*m**3 - 24*m**2 + 469*m - 343. Calculate f(10).
-53
Let u(m) = -2*m**3 - 23*m**2 - 137*m - 297. Calculate u(-11).
1089
Let a(f) = f**3 + 131*f**2 + 3040*f + 446. Calculate a(-101).
-564
Let g(w) = -3*w**2 - 13649*w + 54639. What is g(4)?
-5
Let z(v) = -3*v**3 + 17*v**2 + 62*v - 65. Calculate z(8).
-17
Let h(d) = 2305*d**2 + 301*d - 306. Give h(1).
2300
Let o(f) = 4*f**2 + 268*f + 60. Calculate o(-67).
60
Let s(g) = 4*g**2 + 48*g - 195. Determine s(-12).
-195
Let u(w) = 30*w**3 - 1826*w**2 - 269*w + 1545. Give u(61).
20
Let n(o) = 18*o**3 - 325*o**2 - 325*o + 32. Calculate n(19).
-6
Let z(b) = 38*b - 882. Calculate z(-14).
-1414
Let p(z) = -2*z**3 + 1382*z**2 + 62*z - 42849. Give p(691).
-7
Let f(g) = 2*g**3 + 1412*g**2 - 2845*g - 9206. Calculate f(-708).
-2
Let c(h) = -24*h**2 + 8241*h - 59480. What is c(336)?
-8
Let w(i) = -3*i**3 + 87*i**2 - 68*i - 441. Determine w(28).
7
Let k(p) = 155*p**2 + 5431*p - 169. Calculate k(-35).
-379
Let t(c) = -2*c**3 - 24*c**2 - 9568*c - 124720. Calculate t(-13).
2
Let n(c) = -24582*c + 294961. Determine n(12).
-23
Let j(c) = 3*c**2 + 138912*c + 138912. Determine j(-1).
3
Let z(f) = 51594*f + 2682884. Give z(-52).
-4
Let i(c) = c**2 - 128*c - 81167. What is i(-228)?
1
Let i(z) = 2660*z - 58847. Calculate i(22).
-327
Let c(m) = -m**3 - 28*m**2 - 37*m + 138. Calculate c(-15).
-2232
Let m(g) = -3*g**3 - 56*g**2 - 93*g + 950. Determine m(-15).
-130
Let w(p) = -3*p**3 + 45*p**2 + 299*p - 10. Give w(-5).
-5
Let w(z) = -6234*z - 49867. Calculate w(-8).
5
Let x(s) = -s**3 - 407*s**2 - 37146*s - 3313. Calculate x(-138).
-1
Let c(o) = -2*o**3 - 58*o**2 - 487*o - 3144. Determine c(-21).
27
Let a(s) = -44*s**2 - 598*s - 1566. What is a(-10)?
14
Let x(a) = 212*a**2 - 13428*a - 8960. Calculate x(64).
0
Let d(a) = 5*a**3 - 200*a**2 - 417*a + 97. Give d(42).
223
Let o(v) = 42*v + 4657. What is o(-90)?
877
Let x(v) = -3*v**2 + 464*v - 15570. What is x(118)?
-2590
Let d(v) = -v**2 + 138*v + 65692. What is d(-196)?
228
Let z(d) = 17*d**2 + 404*d - 552. What is z(-14)?
-2876
Let s(w) = 203*w**2 + 460*w + 2. Determine s(-1).
-255
Let k(o) = 1203*o - 110707. Calculate k(92).
-31
Let l(n) = 519*n**2 + 3689*n - 19. Determine l(-7).
-411
Let j(t) = -3918*t - 31443. Calculate j(-8).
-99
Let h(p) = 6*p**2 + 215*p + 209. Calculate h(-1).
0
Let v(g) = -g**3 + 257*g**2 - 1507*g + 249. Give v(251).
-2
Let q(n) = -n**3 + 37*n**2 + 83*n - 903. Give q(4).
-43
Let o(a) = -8*a**2 + 4363*a - 5998. Calculate o(544).
-14
Let i(w) = 2*w**3 + 34*w**2 + 41*w - 42. Determine i(-15).
243
Let b(l) = -4777*l + 91222. Determine b(19).
459
Let y(i) = 10*i**3 - 281*i**2 - 284*i + 718. Determine y(29).
51
Let w(q) = 6*q**2 + 24992*q + 49974. What is w(-2)?
14
Let c(v) = -v**3 - 11*v**2 + 183*v + 1362. What is c(-17)?
-15
Let h(y) = -1148*y - 181277. Calculate h(-158).
107
Let m(v) = -5*v**3 + 153*v**2 - 161*v + 6888. What is m(31)?
-25
Let p(m) = -m**2 + 26931*m + 4. Give p(0).
4
Let x(n) = 2*n**2 - 401*n + 15457. Determine x(52).
13
Let v(u) = u**3 + 27*u**2 - 69*u - 93. Calculate v(-32).
-3005
Let y(a) = -9*a**3 + 1129*a**2 - 496*a - 467. What is y(125)?
33
Let h(d) = -d**2 - 2364*d - 694883. Calculate h(-344).
-3
Let j(p) = -p**3 - 9*p**2 - 293*p - 2330. What is j(-8)?
-50
Let h(z) = z**3 - z**2 - 285*z + 1321. Give h(5).
-4
Let i(c) = -24*c**2 - 115*c - 116. What is i(-2)?
18
Let b(d) = d**3 - 164*d**2 - 17301*d. What is b(-73)?
0
Let p(t) = -20*t**3 - 28*t**2 + 217*t - 190. What is p(1)?
-21
Let s(h) = -4*h**2 + 343*h - 6553. What is s(32)?
327
Let a(y) = -231*y + 21989. Determine a(94).
275
Let q(j) = 2*j**3 - 255*j**2 - 15737*j - 1036. What is q(173)?
2
Let x(h) = -2*h**3 - 9*h**2 + 108*h - 229. What is x(4)?
-69
Let n(q) = -72*q - 17211. Give n(-184).
-3963
Let c(v) = -2*v**3 - 68*v**2 - 72*v - 190. Determine c(-33).
8
Let j(t) = -41*t**2 - 36453*t + 36455. Determine j(1).
-39
Let r(s) = -s**2 + 143*s + 741. Determine r(145).
451
Let s(o) = 2*o**3 + 122*o**2 - 1450*o - 6. Determine s(10).
-306
Let d(f) = 5*f**3 + 478*f**2 + 760*f - 53. Calculate d(-94).
-805
Let i(b) = 891*b**3 + 3*b**2 + 4*b - 1. Determine i(-1).
-893
Let w(q) = 47*q**3 + 9*q**2 - 101*q - 302. What is w(-3)?
-1187
Let v(a) = 2*a**2 - 103913*a + 519560. Calculate v(5).
45
Let g(z) = -10050*z - 20170. What is g(-2)?
-70
Let z(v) = 45440*v - 14086401. Give z(310).
-1
Let z(h) = -h**2 + 365*h - 13095. Determine z(41).
189
Let o(g) = -8*g**3 + 92*g**2 + 304*g - 3090. Determine o(12).
-18
Let j(t) = t**3 + 87*t**2 + 912*t + 71025. Calculate j(-86).
-11
Let q(s) = -19*s**3 - 5*s**2 - 3*s + 4. Determine q(4).
-1304
Let p(n) = 10*n**2 + 300*n - 3549. Give p(-42).
1491
Let l(b) = 9347*b + 121474. What is l(-13)?
-37
Let s(w) = -w**3 + 78*w**2 - 644*w + 1474. What is s(69)?
-113
Let v(u) = -u**3 - 12*u**2 + 523*u + 125. Give v(15).
1895
Let p(n) = -2144*n**3 - 62177*n**2 - 19*n + 301. Give p(-29).
11
Let g(k) = -3459*k + 107100. What is g(31)?
-129
Let t(a) = -a**2 + 925*a + 64366. Calculate t(-65).
16
Let y(g) = 112531*g - 1012791. What is y(9)?
-12
Let b(r) = -r - 1296. What is b(162)?
-1458
Let j(o) = -30341*o - 2487943. What is j(-82)?
19
Let x(o) = 36*o**2 + 4838*o - 311947. Determine x(-182).
1
Let j(b) = -909*b**2 + 47265*b + 166. Give j(52).
10
Let l(n) = -n**3 - 438*n**2 + 2645*n + 109. What is l(6)?
-5
Let n(g) = g**2 - 87